*u**2/2 - 6*u - 239. Let m = 10 + -4. Determine a(m).
0
Let o(c) = -5*c - 2. Let m(i) = 9*i + 2. Let y(z) = 3*m(z) + 5*o(z). Give y(-3).
-10
Let a(c) = -c + 6 - 2 + 0*c. Suppose 5*x = -3 - 7. Let s be 2 + x + -5 + 2. Determine a(s).
7
Suppose 4*t - 56 = 564. Let n(c) = 77 + 71 - 5*c + c**2 - t. Determine n(7).
7
Let j = -815 + 827. Let a(r) = -r**3 + 12*r**2 - r + 13. What is a(j)?
1
Let n(k) be the second derivative of k**6/360 + k**5/120 - k**4/6 + 4*k**3 + 10*k. Let g(v) be the second derivative of n(v). Calculate g(-3).
2
Suppose -20*k - 6*k + 26 = 0. Let c(f) be the third derivative of -f**6/24 - f**5/60 + f**3/6 + f**2. Determine c(k).
-5
Let s(z) = 5*z - 8. Let o(v) = 2 - 17 + 9*v - 2. Let c(f) = -4*o(f) + 7*s(f). Give c(0).
12
Suppose -6*r - 1 = -13. Let u(x) = 3*x - 1 + 1 - 1 + x**3 + 5*x**r. Suppose -v = 2*z + 12 - 0, -v - 16 = 3*z. Determine u(v).
3
Suppose 0 = 8*s + 250 + 262. Let o = s - -54. Let l(z) = z + 15. What is l(o)?
5
Let q(s) = -6*s**2 - 5*s + 25. Let m(k) = 3*k**2 + 3*k - 13. Let p(a) = -11*m(a) - 6*q(a). Let h(z) be the first derivative of p(z). Determine h(2).
9
Let h(s) be the third derivative of -s**5/24 + s**4/12 + 23*s**3/3 - 14*s**2. Let w(v) be the first derivative of h(v). What is w(-2)?
12
Let i(c) = -24*c - 446. Let l be i(-19). Let x(n) = n**2 - 12*n + 1. Give x(l).
-19
Suppose -t = -4*t. Let n(j) = -1 - j + t + 6. Let x be n(7). Let r(y) = -6*y + 1. Calculate r(x).
13
Let m(k) = 16*k**2 - 21*k - 10. Let d(t) = 3*t**2 - 4*t - 2. Let w(u) = 11*d(u) - 2*m(u). Let z be (-36)/(-27)*(10/(-4) + 1). What is w(z)?
6
Suppose 5*l + 0*l - 5 = 0. Suppose -p - l = 4. Let v(b) = -b**2 - 3*b + 7. Determine v(p).
-3
Let c(h) = h**3 + 10*h**2 + 10*h + 5. Suppose 5*b + 157 = -118. Let w = -64 - b. Determine c(w).
-4
Let o(w) = w**2 - 12*w + 16. Let j(l) = l**2 - 13*l + 17. Let p(c) = 4*j(c) - 5*o(c). Give p(7).
-5
Let f = 15 + -11. Let k(m) = 3*m**2 - 3*m + 17. Let q(x) = x**2 - x + 6. Let c(l) = 6*k(l) - 17*q(l). Determine c(f).
12
Let q(l) be the first derivative of -l**2/2 + 2*l - 105. What is q(2)?
0
Let n(z) = 3*z**2 + 7*z - 1. Let u(v) = v**2 + v + 1. Let p(c) = n(c) - 4*u(c). Let f = -31 + 35. Give p(f).
-9
Suppose 0 = -r + 4*s - 13, -2*r - 4*s + 9 = r. Let y(h) be the third derivative of -2*h**5/15 + h**4/24 + 7*h**2. Determine y(r).
-9
Let n be 20/11 + (-12)/(-66). Let c(i) = -n - i + 4*i - 3*i + i. What is c(-2)?
-4
Let r(h) = -4*h**2 - 5*h. Let o = 9 + -4. Let i(y) = -y**2 - 1. Let l(c) = o*i(c) - r(c). Determine l(4).
-1
Let c be (-22)/6 + 6/9. Let o = -8 - -8. Let k(u) = 7 - 8 + o*u**2 + u**2 + 2 + 4*u. What is k(c)?
-2
Let i(g) = -g - 2. Let b(v) = v**3 - 9*v**2 + 3*v - 9. Let q be b(9). Suppose 3*a - q = -o, o = 2*a - 4 + 2. Calculate i(o).
-8
Let n(h) = 13*h + 4 - 18*h + 0*h. Give n(-1).
9
Let p(k) be the second derivative of -k**5/20 - 11*k**4/12 - 2*k**3/3 - 5*k**2/2 - 196*k. Calculate p(-11).
39
Let x(g) = 4*g + 10. Let j(r) = 5*r + 15. Let z(p) = 5*j(p) - 8*x(p). Determine z(-4).
23
Let h(x) = x**2 + 8*x + 2. Let m = -463 + 457. What is h(m)?
-10
Let x(z) = z**2 - 14*z + 10. Suppose 264 = 6*w - 0*w. Let o = w + -31. Let f be x(o). Let a(d) = -d**3 - 2*d**2 - 4. What is a(f)?
5
Let r(i) = 3*i - 8. Let s be 98/4*(-60)/(-210). Calculate r(s).
13
Let h(l) = -l**3 + 7*l**2 + l - 7. Suppose 4*s - 3*x - 37 = 0, 0*x - 6 = 2*x. Suppose -4*r + 25 = 3*z, 4*z - 2*r - s = 19. Determine h(z).
0
Let b(h) = -35*h + 1156. Let r be b(33). Let z(n) be the third derivative of 0*n**3 + 0*n - n**2 + 1/24*n**4 - 1/60*n**5 + 0 + 1/24*n**6. Calculate z(r).
5
Let y be (-1)/(-4) + (-28)/(-16). Let v(n) be the first derivative of -4*n**3/3 + n**2 + n + 4. Calculate v(y).
-11
Let q be (-4)/10 - 72/(-30). Let s(w) = -2 - 1 - 7*w + 5 - 1. Give s(q).
-13
Let q be (1/2*-2 - 0)*0. Suppose -4*f + 2*l - 42 = -q*l, 0 = 3*f + l + 24. Let o(v) = v + 2. Give o(f).
-7
Let q(h) = 4*h - 6. Let w be q(2). Let b(n) = 3 - 21*n + w*n + 19*n - 4*n**2 - n**3. Calculate b(-4).
3
Let l(f) = f**3 - 4*f**2 - 11*f + 1. Let i(s) = 2*s**3 - 69*s**2 - 33*s - 64. Let g be i(35). Calculate l(g).
7
Let f be (-41)/((-65)/(-55) - 4/22). Let v = -40 - f. Let d(j) = 24*j**2. What is d(v)?
24
Suppose 5 = -4*d - 7. Let z(b) be the third derivative of b**6/120 + b**5/15 + b**4/8 + 2*b**3/3 - b**2 - 1447*b. Calculate z(d).
4
Let t(c) = c + 13. Let x be t(9). Let m = 24 - x. Let b(j) = -j. What is b(m)?
-2
Let n(v) = v**2 - 5*v - 12. Let k(c) = -c**2 - 39*c - 215. Let z be k(-32). What is n(z)?
24
Suppose -4*z + 17 = -3*q - 42, 2*q = z - 41. Let u(d) = 2*d + 44. Calculate u(q).
2
Let v(x) = -3 - 10 - 4*x**2 + 8*x + 5*x**2 - 2*x**2 + 5. Give v(6).
4
Let t(a) = a**3 + a**2 - 3. Let i be t(0). Let u(v) be the first derivative of v**4/4 + v**3 + v**2/2 + 333. What is u(i)?
-3
Suppose 3*o - 32 = -14. Let y(n) = 7*n**2 + 170*n**3 - 345*n**3 - 8*n + 9 + 174*n**3. Calculate y(o).
-3
Let u(c) = -4*c - 4. Let q(r) = 9*r + 7. Let n(i) = i + 4. Let s(v) = -v**2 - 9. Let k be s(0). Let g be n(k). Let o(w) = g*u(w) - 3*q(w). What is o(-1)?
6
Let l be ((-2)/4)/((-4)/(-8)). Let p(d) be the third derivative of 5*d**4/8 + d**3/6 + 6*d**2 + 14*d. Calculate p(l).
-14
Let d(m) = -3*m + 1. Suppose -30 = -12*o + 9*o. Suppose o = -5*n, -2*s + 5*n + 9 = -5. Suppose -30*b = -29*b - s. What is d(b)?
-5
Let z be 2/9 - (-97)/9. Suppose 4*a = -l + 19, -3*l - l = 3*a - z. Suppose -3*b = -a*b - 8. Let o(y) = -y - 6. Calculate o(b).
-2
Let n = -28 + 28. Let y(q) = -q. Let l(p) = -4*p + 14. Let s(c) = -l(c) + 5*y(c). Give s(n).
-14
Let k(r) = -2. Let g(c) = -c - 5. Let p(m) = 3*g(m) - 8*k(m). Let n be 0*-2*(-2)/(-4). Suppose d + 2 = -n*d. Give p(d).
7
Let g(h) = 2*h**2 + 2*h + 7. Let x(l) = -127 + l**2 + 119 - 4*l**2 - 3*l. Let o(t) = -4*g(t) - 3*x(t). What is o(-4)?
8
Let w(f) = -93*f - 2*f**2 - 85*f + 175*f. Determine w(-2).
-2
Let m(t) = t**3 - 3*t**2 + 3*t + 13. Let k be m(6). Let a(w) = 3 - 14 + 138*w + w**2 - k*w. What is a(0)?
-11
Let p(d) = -1 - 9 - 4 - 6*d + 15. Give p(2).
-11
Let d(z) be the third derivative of z**5/20 + z**3/6 - z**2. Let p be ((-18)/(-30)*(-3 - 2))/(-1). What is d(p)?
28
Suppose a = -3*d + 30 - 12, -2*a = -2*d + 4. Let m(y) = 2*y**2 - 3*y + 1. Calculate m(a).
10
Suppose -2*t + 5*t + 27 = v, 5*v - 5*t - 95 = 0. Let f(g) = g**2 - 14*g - 20. Calculate f(v).
-5
Let k(h) = -h**2 + 7*h + 9. Suppose 21*m - 26*m + 190 = 0. Let p = m + -31. Calculate k(p).
9
Suppose 0 = -5*z, -c + 8*z + 13 = 13*z. Suppose 0 = c*h - 14*h + 5. Let g(v) = v - 3. What is g(h)?
2
Suppose 4*m - 2*v + 30 = 0, 4*m - 93*v + 95*v + 10 = 0. Let c(j) = j**3 + 6*j**2 + 4*j - 4. Determine c(m).
1
Suppose 4707*w + 4 = 4708*w + 5*j, 2*w + j + 10 = 0. Let r(q) be the third derivative of q**6/120 + q**5/10 - q**4/24 + 5*q**3/6 + q**2. What is r(w)?
11
Suppose 5*i - 17 = 8. Let l(t) be the third derivative of t**6/120 - t**5/12 - t**3/2 + 142*t**2. Determine l(i).
-3
Let q be (6/(-2))/(-3*(-7)/(-70)). Suppose 3*t - q = 8*t. Let k(s) = -2*s. Let l(m) = -m**2 - 2*m. Let u(i) = 4*k(i) - 5*l(i). Determine u(t).
16
Let k(r) = 3*r + 9. Let y be 16/(-3) + 36/(-54). Give k(y).
-9
Let y(a) = a**3 + 2*a**2 - 4*a + 4. Let s be 4/(-6)*(8 - (2 + 0)). What is y(s)?
-12
Suppose 7*p = 6*p + 9. Let a be ((-12)/10)/(p/(-30)). Let z(j) = -j**2 + 4*j + 3. Calculate z(a).
3
Let x(f) be the first derivative of f**2/2 - 5*f + 1. Let i = 218 + -213. Give x(i).
0
Let h(g) be the first derivative of -g**4/4 - g**3 - g**2 + 2*g + 38. Give h(-3).
8
Let g(p) = -3904*p**2 + 4 + 3905*p**2 + 0 - 6*p. Give g(7).
11
Suppose 13 = k + 3. Suppose 0 = 2*b - b - 4*g - k, -4*b + 2 = 3*g. Let s = b + -8. Let o(v) = -2*v - 2. Calculate o(s).
10
Let s(w) = -4*w**3 - w**2. Suppose -18*x - 72 = 18*x. Determine s(x).
28
Let x(i) be the first derivative of -4*i**3/3 + 5*i**2/2 - 4*i - 195. Calculate x(3).
-25
Let a be 3 - 5/((-5)/(-2)). Let p(t) = -t**3 + 10 - t + 2*t**2 - 4 + 0*t**3. Let i(c) = 2*c**3 - 2*c**2 + c - 5. Let j(r) = 6*i(r) + 5*p(r). Give j(a).
6
Let t(v) = -v**3 + 7*v**2 + 18*v + 8. Let q be t(9). Suppose -10*x = -q*x + 10. Let d(b) = b**2 + b. Calculate d(x).
20
Let q(n) = n**3 - 5*n**2 - n + 3. Suppose -64 = f - 69. Determine q(f).
-2
Suppose 4*w = 9*w - 20. Let j(c) be the first derivative of c**2/2 - 4*c - 779. Calculate j(w).
0
Let p(f) = f**2 